n factor of q and v.
12
Suppose -3*b = 4*t - 195, -27*t + 98 = -25*t + 2*b. What is the greatest common divisor of 624 and t?
48
Suppose 4*v + 330 = 9*v. Suppose 2*g - 3*p = 4*g + 2, p = -4*g + 6. Suppose -2*n = g, -10 = -j + 4*n + 5. What is the highest common divisor of j and v?
11
Let x = 67 - 33. Let i be x/4 - 1/2. Let y be (-2)/17 + (-1026)/(-918). Calculate the highest common divisor of y and i.
1
Suppose -3*y + 5*a = -8*y + 50, 2*a + 22 = 5*y. Let m be y*(-4)/(24/(-21)). Let j be 12/(-22) + 49923/473. What is the greatest common divisor of j and m?
21
Let z(w) = 2*w - 6. Let g be z(3). Suppose g = 20*q - 15*q - 85. What is the greatest common divisor of q and 34?
17
Let y(a) = 2*a**2 + a - 3. Let m be y(-3). Let q be (-120)/(-9) - 16/m. Suppose 9*n + 180 = q*n. What is the greatest common divisor of 20 and n?
20
Suppose 4*d = 4*x + 184, -8 + 4 = 2*x. Calculate the highest common factor of d and 110.
22
Suppose 8*x - 5*x + 35 = u, 3*u - 4*x - 100 = 0. Let d be 80 + (-2)/4*0. Calculate the greatest common divisor of u and d.
16
Let p be (-1 + 7)*(8 + -4). What is the greatest common divisor of 360 and p?
24
Let o = -1176 - -1196. Let y be (-30)/(-9)*(-1 + 4). Calculate the greatest common factor of o and y.
10
Suppose 5*c + 75 = -5*z, c - z = -3*c - 60. Let l = 27 + c. Suppose l = 2*q + 2*b, -5*b - 93 + 23 = -5*q. What is the greatest common divisor of 20 and q?
10
Let b be 118*-1 + (0 - -3). Let w = 174 + b. Let v = w - -46. What is the greatest common divisor of v and 15?
15
Suppose 64 = 4*j - 80. Let k = -31 - -34. Let l be 26/k - 7/(-21). Calculate the highest common factor of j and l.
9
Suppose 0 = 52*c - 502 - 1682. What is the greatest common factor of 322 and c?
14
Let q = -11 - -16. Let b(a) = 10*a**2 - 8. Let j be b(q). What is the highest common divisor of 22 and j?
22
Suppose -4*b + 5 = -f + 17, -3*b - 32 = 5*f. Let w be (2/f)/(6/(-120)). Suppose -w = -2*o + 26. Calculate the highest common divisor of o and 6.
6
Suppose c - 1 = 4. Suppose -105 = -c*d + 195. Let v(j) = j**2 + 3. Let a be v(3). What is the greatest common factor of a and d?
12
Suppose -5*t + 2*l = -6490, 4*t - 2*l = -3188 + 8378. Calculate the greatest common divisor of t and 52.
52
Let n(s) = -8*s. Let u be n(3). Let y(j) = -3*j - 57. Let a be y(u). Calculate the greatest common factor of 3 and a.
3
Let d be 3155/7 + 42/147. Calculate the greatest common factor of d and 41.
41
Let m be (12 + (-7878)/(-65))/(3/10). Calculate the greatest common factor of 592 and m.
148
Let j(r) = -2*r - 3. Let u be j(-3). Let x = 44 - u. Calculate the highest common factor of 123 and x.
41
Suppose -5*h = -20, 3*h = -4*b - 2 + 206. What is the highest common factor of 44 and b?
4
Let l(s) = s**2 + 13 - s - 3*s**3 + 2 + 2*s + 2*s**3. Let k be l(0). Let i = k + -9. Calculate the highest common divisor of i and 66.
6
Let f(a) = -a**3 + a**2 + 8*a - 7. Let i be f(3). Let p be -1 + (i - (-85)/5). Let k = 174 - 9. What is the highest common divisor of p and k?
15
Let q be 68/(-6)*39/(-26). Suppose -4*f + 4*p + 178 = f, p = -2. What is the greatest common factor of f and q?
17
Let x be 1/((-5)/405*-3). Let b be 4748/18 + 6/x. Let r = 23 + 1. What is the greatest common factor of b and r?
24
Let b(i) = -2*i**3 + 33*i**2 - 4*i - 5. Let m be b(16). Calculate the greatest common factor of 11 and m.
11
Let i(x) = x**3 - 18*x**2 - 6*x + 128. Let s be i(18). What is the greatest common factor of s and 1340?
20
Let u be ((-10)/4*2)/(-1). Suppose -u*k - 3*b = -7*b + 3, -3*k - 7 = -5*b. Let q be (k - 3) + 189/1. Calculate the greatest common factor of 17 and q.
17
Let s = -298 - -314. What is the greatest common factor of 64 and s?
16
Suppose -13*u + 350 + 196 = 0. Let f(m) = 2 - 2*m - m**3 + 0*m + 6*m**2 + 2. Let t be f(4). Calculate the highest common factor of u and t.
14
Suppose -3*j + 5*j - 10 = 0, -1 = w - 4*j. Suppose -24 = 17*f - w*f. Calculate the greatest common factor of 84 and f.
12
Suppose -2*v = 85*m - 89*m + 7966, -2*v - 5975 = -3*m. What is the greatest common factor of m and 11?
11
Suppose 3*i = -4*n + 11, 6*i - 3*i - 3*n - 18 = 0. Suppose -2*p + 4*h + 56 = 0, i*p - 3*h - 54 = 3*p. What is the highest common divisor of p and 16?
8
Let g(d) = -d**3 - 3*d**2 - 3*d - 2. Let u be g(-2). Suppose u = -k - 2*k + 2*p + 61, 4*k - 4*p = 76. Calculate the highest common factor of 23 and k.
23
Let j be (4/(-6))/((-2)/6). Suppose -d - 2*d = 2*k - 16, -d = j*k - 4. Suppose 0 = -17*t - 21*t + 1824. Calculate the greatest common factor of t and d.
6
Let n be 3/((-9)/(-2))*-27. Let o = n - -37. Suppose -5*s + 4*u = -80, 4*s - u - 72 = -o. What is the highest common divisor of s and 60?
12
Suppose 12 + 3 = 5*h. Suppose -2*q - 2*r = -56, -3*q + 0*r + 4*r + 119 = 0. What is the greatest common factor of q and h?
3
Let z be ((-255)/(-221) - (-2)/(-13)) + 89. Calculate the greatest common factor of 20 and z.
10
Let i = 1572 - 516. Calculate the greatest common factor of 66 and i.
66
Let x = 27 + 5. Let l = x + -18. What is the highest common factor of 21 and l?
7
Let t = 471 + -449. Calculate the greatest common divisor of 594 and t.
22
Let f = 492 + -67. What is the greatest common factor of 17 and f?
17
Let z(t) = -13*t - 105. Let k be z(-14). Calculate the greatest common divisor of 22 and k.
11
Suppose 17*l - 9325 = -1267. Calculate the greatest common divisor of 12 and l.
6
Let n = -275 + 95. Let c = n + 322. Suppose -2*v + 3*g + 0*g = -c, 4*v + 3*g - 266 = 0. What is the greatest common factor of v and 17?
17
Let t = 100 - 54. Suppose 2*x - t = -20. What is the highest common divisor of 52 and x?
13
Let g = 45 + -25. Let k(z) = z**3 - 5*z**2 + 27*z - 72. Let t be k(4). What is the highest common divisor of g and t?
20
Let o(i) = -10*i**3 + 3*i**2 - 5*i - 6. Let d be o(-2). What is the greatest common divisor of d and 112?
16
Let q = 0 - -88. Let t(z) = z. Let i be t(2). Let g be (1 - i) + 12*1. What is the greatest common divisor of q and g?
11
Suppose -n + 4*i = -2*n + 28, -5*n - 5*i + 140 = 0. Suppose -29*b + 2345 + 903 = 0. What is the highest common divisor of n and b?
28
Let f = -136 - -91. Let r = -32 - f. What is the greatest common factor of r and 26?
13
Let q(a) = a**3 - 4*a**2 + 4*a - 13. Let o be q(4). Suppose 0*v = o*h + v - 43, 2*v + 34 = 2*h. Let t = 13 - 8. Calculate the highest common factor of h and t.
5
Suppose -4*h - w - 458 = -8*h, 3*h + w - 340 = 0. Calculate the greatest common divisor of h and 19.
19
Let v(d) = -3*d**3 + 3*d**2 - 9*d - 3. Let c be v(-4). Suppose -3*g + c = -0*g. Calculate the highest common factor of g and 14.
7
Let y(q) = 9*q**2 - 16*q - 3. Let p be y(5). Let t = -25 + p. What is the greatest common divisor of t and 13?
13
Suppose 0 = c + 4*u - 1384, -1374 = -4*c - 4*u + 4186. What is the greatest common divisor of 87 and c?
87
Suppose 0 = 5*m + 5*o - 60, 6*o - 51 = -4*m + o. Suppose 2*q - 25 = -m. Suppose 9*y - 4*y = 120. Calculate the highest common factor of y and q.
8
Let v(n) = 172*n**2 + 3*n + 2. Let r be v(-2). Suppose -b = 3*b - r. Calculate the greatest common factor of b and 19.
19
Let l be ((-136)/51)/((-1)/21). Suppose l = 8*a - 3*a + 2*m, 5*m = -2*a + 35. What is the greatest common factor of a and 4?
2
Suppose 7*d - 634 = 521. What is the highest common divisor of 99 and d?
33
Let g = 1232 - 1230. What is the highest common factor of 106 and g?
2
Let k = 1495 + -1478. Suppose -5*q + 2*c + 768 = c, 5*q = 2*c + 771. What is the greatest common factor of k and q?
17
Suppose 5*p - 167 = 283. Let q(d) be the second derivative of -3*d**3/2 - 3*d**2 + 2*d. Let o be q(-4). What is the greatest common factor of p and o?
30
Let r = 389 - 147. Calculate the greatest common divisor of r and 22.
22
Let m(n) = 10*n**3 - 9*n**2 - 6*n + 14. Let f be m(4). Calculate the greatest common divisor of 18 and f.
18
Let z(g) = g**3 - 15*g**2 + 20*g + 14. Suppose -2*t + 13 = c - 15, 2*c = 0. Let x be z(t). What is the highest common factor of 14 and x?
14
Let n(k) = 2*k**3 - 23*k**2 - 13*k + 34. Let j be n(12). Let t be 99/12 + 3/(-12). Let s = t + 14. What is the highest common factor of j and s?
22
Suppose -m + 2*m + 186 = -5*w, m - w = -192. Let x = 479 + m. What is the highest common factor of 32 and x?
32
Let n(i) be the second derivative of i**4/12 + 2*i